ens digit of 10353?
5
What is the thousands digit of 30608?
0
What is the tens digit of 5104?
0
What is the tens digit of 448?
4
What is the units digit of 4652?
2
What is the units digit of 1063?
3
What is the thousands digit of 14028?
4
What is the hundreds digit of 692?
6
What is the hundreds digit of 577?
5
What is the ten thousands digit of 18122?
1
What is the hundreds digit of 343?
3
What is the tens digit of 695?
9
What is the tens digit of 2906?
0
What is the tens digit of 1378?
7
What is the tens digit of 3975?
7
What is the hundreds digit of 986?
9
What is the ten thousands digit of 126622?
2
What is the units digit of 18418?
8
What is the thousands digit of 52520?
2
What is the units digit of 46567?
7
What is the hundreds digit of 2114?
1
What is the units digit of 618?
8
What is the thousands digit of 40645?
0
What is the hundreds digit of 266?
2
What is the tens digit of 185?
8
What is the tens digit of 22667?
6
What is the thousands digit of 1076?
1
What is the hundreds digit of 3291?
2
What is the tens digit of 9631?
3
What is the units digit of 4787?
7
What is the thousands digit of 1073?
1
What is the thousands digit of 11187?
1
What is the tens digit of 6049?
4
What is the thousands digit of 55459?
5
What is the hundreds digit of 24994?
9
What is the thousands digit of 1213?
1
What is the thousands digit of 7707?
7
What is the units digit of 122?
2
What is the thousands digit of 3062?
3
What is the units digit of 948?
8
What is the tens digit of 648?
4
What is the units digit of 10859?
9
What is the tens digit of 2152?
5
What is the units digit of 34001?
1
What is the thousands digit of 3026?
3
What is the thousands digit of 43441?
3
What is the tens digit of 45195?
9
What is the units digit of 1514?
4
What is the hundreds digit of 1272?
2
What is the ten thousands digit of 13316?
1
What is the tens digit of 25931?
3
What is the units digit of 4276?
6
What is the tens digit of 11165?
6
What is the tens digit of 38114?
1
What is the tens digit of 6200?
0
What is the thousands digit of 3954?
3
What is the tens digit of 120603?
0
What is the units digit of 1106?
6
What is the ten thousands digit of 73147?
7
What is the tens digit of 1783?
8
What is the hundreds digit of 56011?
0
What is the thousands digit of 47426?
7
What is the units digit of 17811?
1
What is the hundreds digit of 56417?
4
What is the units digit of 6197?
7
What is the ten thousands digit of 93179?
9
What is the tens digit of 735?
3
What is the tens digit of 2202?
0
What is the hundreds digit of 382?
3
What is the thousands digit of 3698?
3
What is the thousands digit of 3641?
3
What is the tens digit of 3367?
6
What is the tens digit of 809?
0
What is the hundreds digit of 2000?
0
What is the hundreds digit of 242?
2
What is the units digit of 220?
0
What is the tens digit of 1967?
6
What is the units digit of 5000?
0
What is the hundreds digit of 391?
3
What is the ten thousands digit of 18307?
1
What is the tens digit of 6892?
9
What is the thousands digit of 1019?
1
What is the thousands digit of 19401?
9
What is the ten thousands digit of 42358?
4
What is the thousands digit of 1925?
1
What is the units digit of 1895?
5
What is the hundreds digit of 701?
7
What is the tens digit of 72037?
3
What is the hundreds digit of 823?
8
What is the tens digit of 55115?
1
What is the tens digit of 2847?
4
What is the thousands digit of 37024?
7
What is the ten thousands digit of 29690?
2
What is the units digit of 6362?
2
What is the thousands digit of 3527?
3
What is the hundreds digit of 48947?
9
What is the tens digit of 11128?
2
What is the ten thousands digit of 67450?
6
What is the thousands digit of 5946?
5
What is the ten thousands digit of 14770?
1
What is the thousands digit of 4454?
4
What is the tens digit of 1746?
4
What is the tens digit of 1307?
0
What is the tens digit of 1265?
6
What is the hundreds digit of 695?
6
What is the thousands digit of 5103?
5
What is the thousands digit of 1713?
1
What is the tens digit of 515?
1
What is the tens digit of 85458?
5
What is the tens digit of 68919?
1
What is the units digit of 36331?
1
What is the hundreds digit of 18347?
3
What is the tens digit of 656?
5
What is the tens digit of 3203?
0
What is the hundreds digit of 24682?
6
What is the tens digit of 102607?
0
What is the units digit of 4038?
8
What is the tens digit of 82785?
8
What is the hundreds digit of 3314?
3
What is the hundreds digit of 3602?
6
What is the hundreds digit of 8515?
5
What is the thousands digit of 170458?
0
What is the units digit of 8155?
5
What is the units digit of 1105?
5
What is the tens digit of 3312?
1
What is the units digit of 1655?
5
What is the tens digit of 1197?
9
What is the ten thousands digit of 17125?
1
What is the units digit of 7667?
7
What is the hundreds digit of 6455?
4
What is the hundreds digit of 996?
9
What is the hundred thousands digit of 120790?
1
What is the thousands digit of 47144?
7
What is the hundreds digit of 6419?
4
What is the hundreds digit of 1042?
0
What is the units digit of 451?
1
What is the hundreds digit of 1659?
6
What is the hundreds digit of 555?
5
What is the hundreds digit of 4496?
4
What is the units digit of 596?
6
What is the units digit of 5?
5
What is the hundreds digit of 156376?
3
What is the ten thousands digit of 53131?
5
What is the hundreds digit of 2895?
8
What is the hundreds digit of 148745?
7
What is the hundreds digit of 1480?
4
What is the hundred thousands digit of 133116?
1
What is the ten thousands digit of 110361?
1
What is the tens digit of 2140?
4
What is the units digit of 2020?
0
What is the hundreds digit of 9366?
3
What is the units digit of 3096?
6
What is the tens digit of 7347?
4
What is the thousands digit of 64268?
4
What is the units digit of 17256?
6
What is the tens digit of 669?
6
What is the tens digit of 1272?
7
What is the thousands digit of 1337?
1
What is the units digit of 63?
3
What is the units digit of 405?
5
What is the tens digit of 5135?
3
What is the ten thousands digit of 19318?
1
What is the hundreds digit of 1901?
9
What is the hundreds digit of 10639?
6
What is the tens digit of 9041?
4
What is the thousands digit of 15696?
5
What is the units digit of 8059?
9
What is the hundred thousands digit of 104295?
1
What is the thousands digit of 11079?
1
What is the units digit of 8605?
5
What is the thousands digit of 28987?
8
What is the hundreds digit of 6265?
2
What is the tens digit of 3267?
6
What is the units digit of 90952?
2
What is the tens digit of 983?
8
What is the tens digit of 5106?
0
What is the thousands digit of 9117?
9
What is the hundreds digit of 8883?
8
What is the hundreds digit of 17507?
5
What is the thousands digit of 2407?
2
What is the hundreds digit of 658?
6
What is the units digit of 5248?
8
What is the tens digit of 12927?
2
What is the hundreds digit of 2761?
7
What is the thousands digit of 180406?
0
What is the hundreds digit of 2453?
4
What is the units digit of 23426?
6
What is the tens digit of 577?
7
What is the hundreds digit of 2713?
7
What is the thousands digit of 1097?
1
What is the units digit of 173295?
5
What is the thousands digit of 1946?
1
What is the units digit of 6727?
7
What is the units digit of 4055?
5
What is the units digit of 789?
9
What is the tens digit of 547?
4
What is the tens digit of 1833?
3
What is the tens digit of 5768?
6
What is the ten thousands digit of 122835?
2
What is the units digit of 1?
1
What is the units digit of 23906?
6
What is the tens digit of 92?
9
What is the thousands digit of 15739?
5
What is the tens digit of 15379?
7
What is the tens digit of 429?
2
What is the thousands digit of 2189?
2
What is the units digit of 19638?
8
What is the thousands digit of 1661?
1
What is the tens digit of 5810?
1
What is the ten thousands digit of 69839?
6
What is the thousands digit of 9506?
9
What is the hundreds digit of 83314?
3
What is the hundreds digit of 17687?
6
What is the thousands digit of 15986?
5
What is the hundreds digit of 2377?
3
What is the thousands digit of 5289?
5
What is the ten thousands digit of 31436?
3
What is the hundreds digit of 5619?
6
What is the tens digit of 734?
3
What is the units digit of 4148?
8
What is the hundreds digit 